 d - o. List the prime factors of f.
5
Suppose -2*c + 0*c = -20. Let g be c/(-4)*24/(-15). Let s = 14 - g. What are the prime factors of s?
2, 5
Let g(b) = -b - 2. Let p be g(-4). Let a(l) = -l - 3. Let j(o) = -2*o - 7. Let s(q) = p*j(q) - 5*a(q). What are the prime factors of s(5)?
2, 3
Let o(u) be the second derivative of u**3/6 - u**2/2 + u. Let d be o(3). Let x(j) = 4*j + 2. What are the prime factors of x(d)?
2, 5
Let o(h) be the third derivative of h**6/120 - h**5/12 + h**4/12 + 2*h**3/3 + 3*h**2. What are the prime factors of o(5)?
2, 7
Suppose -2*i = -0*i - 172. What are the prime factors of i?
2, 43
Suppose 2*p - 2*w = -4, -4*p = 2*w - 11 - 11. Suppose 1 + 11 = p*y. List the prime factors of y.
2
Let b = -58 - -96. What are the prime factors of b?
2, 19
Let f be 6/21 - (-144)/(-14). Let g = 3 - f. What are the prime factors of g?
13
Suppose -39 = -0*h - 3*h. List the prime factors of h.
13
Let l = 105 + -7. What are the prime factors of l?
2, 7
Let t be 0 + 8/(1 - 5). List the prime factors of t/(-4) - 297/(-18).
17
Let u be 3/(-12) - (-65)/4. Suppose 27 = -3*h + 4*d + 65, 0 = -h + 3*d + u. List the prime factors of 1*-2*(-25)/h.
5
Suppose -h - 2 = h. Let x(z) = 5 - 5 + 1 + 2*z + 13*z**2. List the prime factors of x(h).
2, 3
Let g = -19 - -8. Suppose 7*y - 30 = 5*y. Let t = y + g. List the prime factors of t.
2
Suppose 4*l + 256 = 2*t + 58, -l = -2*t + 213. List the prime factors of t.
109
Let b be 3*(-1 - -1 - 2). Let x(j) = -j**3 - 6*j**2 - 2*j - 6. What are the prime factors of x(b)?
2, 3
What are the prime factors of (6/(-15) + 507/(-45))*-9?
3, 5, 7
Let b be (-20)/8*(-6)/(-5). What are the prime factors of 18 - (-5 - (0 + b))?
2, 5
Suppose 5*q + 7 - 182 = 0. Let n = 49 - q. Suppose 4*u + 27 = i, -2*u + 4 = n. What are the prime factors of i?
7
Suppose -8*p = -3*p - 1050. What are the prime factors of ((-12)/10)/((-12)/p)?
3, 7
Suppose n + 2*v + 0*v = -8, -3*n = 2*v + 12. Let p be (1 - n)/((-12)/(-4)). Suppose j - p - 3 = 0. List the prime factors of j.
2
Let h = 14 - 3. Suppose b - 3*n - h = 2*b, -3*b = -2*n. List the prime factors of 15 + b/1 + -2.
11
Let g(i) = 65*i. Let v(n) = 11*n. Let z(l) = 4*g(l) - 25*v(l). List the prime factors of z(-1).
3, 5
Suppose -3*i + 90 = 4*q, 56 = -0*q + 2*q - 4*i. Let d = q - 17. List the prime factors of d.
7
Let n be 2/(3 + 212/(-68)). Let p = -11 - n. List the prime factors of p.
2, 3
Suppose -t = 2*t. Suppose 2*u = -t*u + 22. Let i = u + -4. What are the prime factors of i?
7
Let d be (3/6)/(1/10). Let u be (-2)/(-2)*(4 - d). List the prime factors of ((-9 + -1)/u)/1.
2, 5
Suppose u = -3*u + 40. Suppose -y + u = -o, 3*y - 8*y + 3*o = -42. List the prime factors of y.
2, 3
Let n be 34/85 + (-4336)/(-10). List the prime factors of 3/(-2)*n/(-21).
31
Let f = -74 - -127. List the prime factors of f.
53
Suppose -3*o - 5*x + 144 = -50, -2*o - x = -134. What are the prime factors of o?
2, 17
Let t be 34/6 - 3/(-9). Let a be t/(-9) - 33/(-9). Let j(f) = -f**2 + 5*f - 4. What are the prime factors of j(a)?
2
List the prime factors of 46/(-3)*39/(-26).
23
Suppose -2*t = f - 0*t - 187, 0 = 3*f - 3*t - 552. What are the prime factors of f?
5, 37
Suppose -v = 2*v - 3*w - 75, -2*v - 5*w + 22 = 0. What are the prime factors of v?
3, 7
Let u(a) = a**3 - 3*a**2 - 20*a + 15. What are the prime factors of u(8)?
5, 7
Suppose y = 4*m + 179, 2*y - 2*m - 3*m - 358 = 0. What are the prime factors of y?
179
Let o be (5/3)/(1/3). Let r be (12/15)/(4/10). What are the prime factors of o + r + 0/(-1)?
7
Suppose -2*g + 126 = -2*j, 3*g - 136 = 2*j + 49. What are the prime factors of g?
59
Let q(u) = u**2 + u. Let c(z) = -z**2 - 9*z - 8. Let v(s) = c(s) + 2*q(s). What are the prime factors of v(9)?
2, 5
Let a = 2 - -29. What are the prime factors of a?
31
Let i(z) = z**3 + 3*z**2 - z. Let t be i(-3). Let g(u) = 8*u - 3. List the prime factors of g(t).
3, 7
Suppose -4*f + 7 = -21. Suppose -3*j + f = -2*j. What are the prime factors of j?
7
Let l(y) = -y**3 - 6*y**2 - 3*y - 6. Let m be l(-6). Let z be -1 + (1 - 1) + m. Suppose 2*r - z - 1 = 0. What are the prime factors of r?
2, 3
Suppose -q = -2*q - 5*a, 0 = -2*q - 4*a + 18. Let f = 17 - q. What are the prime factors of f?
2
Let c(o) = -o + 6. Suppose f - 8 = l, -3*f + 0*l + l + 28 = 0. Let z be c(f). Let i(y) = -4*y - 1. List the prime factors of i(z).
3, 5
Let g = -7 - -12. Let f(o) = -12 - 4*o + 5 + 0*o - o**2 - g*o. List the prime factors of f(-6).
11
Let v(i) be the first derivative of 26*i**3/3 + i**2 + i + 2. Let c be v(-1). Suppose -2*o + 7*o = c. What are the prime factors of o?
5
Let t = 352 - 145. What are the prime factors of t?
3, 23
Suppose 0 = 5*i - 2*i - 6. Suppose 0 = -0*q + 4*q - 36. Suppose -p = i*p - q. List the prime factors of p.
3
Let h(y) = -y**3 + 6*y**2 + 8*y + 1. What are the prime factors of h(6)?
7
Suppose c + 9 = -0*g - 4*g, c - 31 = 4*g. Let s = -9 + c. What are the prime factors of s?
2
Suppose -5*c - 155 = -0*c. What are the prime factors of c*(-2 - -3 - 2)?
31
Let i = -25 + 47. Suppose -i = -l - 7. What are the prime factors of l?
3, 5
Let h be (-9)/(-6 - -3) + 2. Let i(t) = -4*t + 0*t**3 + t**3 - 4 - h*t**2 + 4*t - 5*t. What are the prime factors of i(6)?
2
Let r = -25 - -36. Let m = r + -9. List the prime factors of m.
2
List the prime factors of (-1)/5 + 62/10.
2, 3
Let j = 104 - -46. List the prime factors of j.
2, 3, 5
Suppose -1086 + 101 = -5*m. What are the prime factors of m?
197
Let u(a) = a**2 + 12*a + 15. Let p be u(-11). Suppose -p*q + 3*q = -27. List the prime factors of q.
3
List the prime factors of (-116 - (-15)/5)*-1*1.
113
Suppose -s - 1 = -0*s. Suppose y + 32 = 3*u + 3*y, 5*u - 4*y = 68. Let m = s + u. List the prime factors of m.
11
Suppose 0 = -2*p + 6*p. Suppose p = 2*l + l - 42. Suppose 0 = -q - q + l. What are the prime factors of q?
7
Suppose 2*d + 5*w - 196 = 54, -2*d + w = -274. What are the prime factors of d?
3, 5
List the prime factors of -180*(36/8)/(-9).
2, 3, 5
Let h = -48 + 134. Suppose -5*r - h = -2*c, -17 + 74 = c + r. List the prime factors of c.
53
Suppose 4*w - 12 = -0*w. Suppose w + 4 = q. What are the prime factors of q?
7
Let m(j) = -j**2 + 14*j - 7. What are the prime factors of m(13)?
2, 3
Let w = 62 + -46. List the prime factors of w.
2
Let x = -1 - -5. Suppose -x*r = 3*m + 9, -r + 3*m - 2*m = 11. Let z(k) = -k**3 - 4*k**2 + 10*k + 8. What are the prime factors of z(r)?
2, 5
Let n(s) be the first derivative of -3*s**2/2 - 4*s - 2. Let i be n(-4). List the prime factors of (22/i)/((-6)/(-24)).
11
Let q = -170 - -295. Suppose 3*f - q = -2*z, 0 = 2*f - 3*z - 64 - 15. List the prime factors of f.
41
Let x be 160/(-9) - 8/36. Let p = 30 + x. What are the prime factors of p?
2, 3
Let l(q) = -q - 14. Let r be l(-11). List the prime factors of (2/r)/((-3)/72).
2
Let n(f) = f**3 - 10*f**2 + 8*f + 18. What are the prime factors of n(11)?
227
Suppose 4*u + 3150 = 18*u. What are the prime factors of u?
3, 5
Let j = -3 + 2. Suppose l - 6 = 3*l. List the prime factors of (1/l)/(j/39).
13
Suppose -f = -4*a + 7*a - 188, a + 791 = 4*f. List the prime factors of f.
197
Let g(c) = 13*c**2 - 7*c - 7. List the prime factors of g(-3).
131
Let r = 70 + -5. List the prime factors of r.
5, 13
Suppose -4*v - v + 3*j - 18 = 0, 0 = -5*v - 5*j - 50. List the prime factors of -1 + 7 - v/(-3).
2
Let f(p) = -p**3 + 6*p**2 - 4*p + 1. Let y be f(5). Suppose 87 = 4*t - 3*q, -21 = -t - q + y. Let a = -13 + t. What are the prime factors of a?
11
Suppose 4 = 2*v - 0. Suppose 6*i + 4*z - 95 = i, 38 = v*i + 5*z. List the prime factors of i.
19
Let p(j) = j**2 - 5. Suppose -l = 3*l - 16. List the prime factors of p(l).
11
Let y = -2 + 0. Let x be 1 + (-3)/3 - y. Suppose -12 = -x*t - w + 5*w, 0 = 5*w - 15. List the prime factors of t.
2, 3
Suppose 0*k + k - 4*b = 52, -4*k - b + 174 = 0. What are the prime factors of k?
2, 11
Suppose 0 = 5*l + 7 + 48. Let n = -3 - l. List the prime factors of n.
2
Let q(i) = -i**2 - 9*i - 6. Let c be q(-4). Suppose 3*b - 7 = c. What are the prime factors of b?
7
What are the prime factors of (-192)/16*(-16)/3?
2
Suppose 0*l - 4*l = 4. Let x = -8 + l. Let p = -5 - x. What are the prime factors of p?
2
Suppose 3*o + 7 = 5*x + 2, -4*x - o = -21. Suppose 5*j = 3*c + 42, c = -x*j - c + 38. What are the p